 Let x = 5 + i. Let g = x - 0. Calculate the highest common divisor of g and 16.
2
Let v(b) be the third derivative of -b**4/24 - 7*b**3/6 + 3*b**2. Let x be v(-8). Suppose 49 = 5*d - 6. Calculate the greatest common factor of x and d.
1
Let s = -62 - -179. What is the greatest common factor of 9 and s?
9
Let d = 375 - 263. Suppose 0 = 2*v - 56 + 24. What is the highest common divisor of v and d?
16
Let x be ((-2)/(-4) - 1)*14. Let r(b) = -20*b + 4. Let l be r(x). Calculate the greatest common divisor of l and 16.
16
Let f = 8 - 6. Suppose 0 = -f*z - 2*z + 324. Calculate the greatest common factor of z and 9.
9
Suppose -471 = -3*t - 159. What is the highest common divisor of t and 13?
13
Let c = -61 + 85. Calculate the highest common divisor of 216 and c.
24
Suppose -3*k = -0*k. Suppose j + l = k, -j = -4*j + 4*l + 14. What is the greatest common divisor of 22 and j?
2
Suppose -4*p + 218 = -422. Calculate the highest common factor of p and 20.
20
Suppose -3*a = 4*j - 59, -2*j - 2*a + 26 = -4*a. Suppose -2*k - 16 = -p, k - 41 = -6*p + 3*p. Calculate the highest common divisor of p and j.
14
Let z(p) = p**2 - 5*p + 5. Let i be z(5). Suppose 6*l + 108 = 10*l. Suppose 3*m - 48 - l = 0. Calculate the highest common divisor of m and i.
5
Let p(v) be the second derivative of v**3/3 + 11*v**2/2 + 4*v. Let f be p(9). Suppose 5*z - 26 = f. Calculate the highest common factor of z and 121.
11
Let r(f) = f. Let w(j) = 6*j + 1. Let a(v) = -5*r(v) + w(v). Let t be a(5). What is the highest common divisor of 1 and t?
1
Suppose -465 = -4*d - 185. Suppose 2*y - 20 = -0*y. Calculate the highest common divisor of d and y.
10
Suppose 0 = -b + 29 - 6. Let l = b - 10. What is the highest common divisor of 65 and l?
13
Let q = -69 + 70. Calculate the greatest common divisor of 5 and q.
1
Let z = 119 + -71. What is the greatest common factor of 32 and z?
16
Let l(j) = -j**3 + 8*j**2 + 8*j - 5. Let y be l(8). Let o = y + -39. Calculate the greatest common factor of 100 and o.
20
Let n = 30 + -25. Let v be (11 + -9)*(-10)/(-4). What is the highest common divisor of n and v?
5
Let r(p) = p**3 + 6*p**2 + 4*p + 4. Let j be r(-4). Calculate the highest common divisor of j and 30.
10
Let r = -48 - -84. Calculate the highest common divisor of 24 and r.
12
Let j = -6 + 9. Suppose j*g - 99 = 3*z, 2*g = -3*g + 2*z + 150. What is the greatest common factor of g and 14?
14
Let c = 26 + 71. Suppose 5*n - c = 2*o + 565, -5*n + 678 = 2*o. Suppose -4*l + n - 10 = 4*b, 0 = b - 3*l - 15. Calculate the greatest common factor of 9 and b.
9
Let s(g) = -g**3 + 5*g**2 + 4*g - 5. Let m be s(5). Let d be (-45)/(-6)*20/m. Calculate the highest common factor of d and 40.
10
Let b be 26/(-39)*3*-1. Suppose -3*g + 208 = 2*u + b*g, 104 = u - g. What is the highest common factor of 13 and u?
13
Let c be (5 + (5 - 4))*8. What is the greatest common divisor of 12 and c?
12
Suppose -2*m - 4*q = -66, -q + 183 = 5*m - 0*q. What is the greatest common factor of m and 148?
37
Suppose q = -2*q - 15. Let s = 1 - q. Let n be 3/(-6) + 39/s. What is the greatest common factor of 48 and n?
6
Suppose 2*a = 3 + 7. Let u = -67 - -107. Let l = u - 5. What is the greatest common factor of l and a?
5
Let h = -306 + 459. Let l be 2/(-6) - 8/3. Let c be 4/6 + (-49)/l. Calculate the highest common divisor of c and h.
17
Suppose -64 = -7*w + 3*w. What is the greatest common divisor of w and 64?
16
Suppose 3*l = 120 + 96. Calculate the greatest common factor of l and 24.
24
Let k = -119 + 335. Calculate the highest common factor of k and 24.
24
Suppose 3*k - 8*k = 0. Suppose -b - b + 88 = 3*n, 2*n + 2*b - 60 = k. What is the highest common factor of n and 7?
7
Let k = 10 - -2. Suppose -j + k = 2. Let h(l) = -l + 5. Let v be h(-5). Calculate the greatest common factor of j and v.
10
Suppose 3*s - 4*i + 0 = 1, 0 = -4*s - 4*i + 20. Suppose 20 = s*b - 34. Calculate the highest common divisor of 9 and b.
9
Suppose o - 2*o + 9 = 0. Suppose 4*d - 160 = -4*a, 0 = 3*d - 5*a + 10 - 98. Calculate the greatest common divisor of d and o.
9
Suppose -3*q + q + 54 = 0. Let t(s) = -2*s - 15. Let f be t(-12). Calculate the greatest common divisor of q and f.
9
Let t be (-224)/48*15/(-2). Let f(z) = 4*z + 1. Let i be f(-1). Let y be ((-28)/6)/1*i. Calculate the greatest common factor of t and y.
7
Suppose -5*i = -13 - 7. Let y(a) = 1 - 2*a - 8 + 8*a**2 + 0*a - 3 + a**3. Let b be y(-8). Calculate the greatest common divisor of i and b.
2
Let j = 4 + -4. Suppose -r + 162 - 27 = j. Suppose -39 = 3*p - r. What is the highest common factor of p and 4?
4
Suppose -2*a + 10 = -0*a. Suppose 0 = -a*p + 684 - 164. What is the greatest common factor of 26 and p?
26
Let h(i) be the third derivative of 3*i**2 + 2/3*i**3 + 0 + 1/60*i**5 - 1/6*i**4 + 0*i. Let n be h(4). What is the greatest common factor of 4 and n?
4
Let r(u) = 1. Let b(h) = -h - 1. Let s(f) = -b(f) - r(f). Let g be s(8). What is the highest common divisor of g and 64?
8
Let c(l) = -l**3 - 7*l**2 + 6*l - 4. Let p be c(-8). Calculate the greatest common divisor of 8 and p.
4
Suppose 5*a + 3 = 2*g, 3*a = -g - g + 27. Let s(r) = -r**3 + r**2 - 1. Let q be s(-1). Suppose -p + 26 = -q. What is the highest common divisor of g and p?
9
Let x(q) = -q**2 + 10*q + 6. Let a be x(6). Let t be 90/8 + ((-184)/(-32) - 5). What is the highest common factor of t and a?
6
Let j(y) = y - 2. Let p be j(7). Let z(r) = r**2 + 2*r + 7. Let i be z(-4). Calculate the highest common divisor of i and p.
5
Let q = -31 - -83. Calculate the highest common divisor of 78 and q.
26
Suppose -128 = -16*p + 12*p. Calculate the highest common divisor of p and 48.
16
Let v(p) = 5*p**2 - p - 1 + 2*p**3 + p**3 - 4*p**3 - p. Let n be v(3). What is the highest common divisor of n and 88?
11
Suppose -5*m - 18 = -6*m. What is the greatest common factor of 18 and m?
18
Let j = 40 - 16. Calculate the highest common divisor of j and 96.
24
Let u(t) = 2*t**2 - 4*t - 1. Suppose -18 = -3*i - 9. Let c be u(i). Suppose -30 = -c*q + 45. Calculate the highest common factor of q and 10.
5
Let g = 75 + -64. What is the highest common divisor of 55 and g?
11
Suppose 7*j - 3*j = 16. Let z = 2 + j. What is the greatest common factor of 12 and z?
6
Suppose -4*k + p + 174 = 0, -p - 128 = -3*k + p. Suppose -3*o + 39 - 6 = 0. What is the highest common factor of k and o?
11
Suppose t - 1 = -0*t, g - 5 = -t. Suppose 0 = 5*n + 4*r - 42, -r - 10 = -5*n + 17. Calculate the greatest common factor of g and n.
2
Let p(m) = -2*m - 28. Let b be p(-15). Calculate the greatest common divisor of b and 10.
2
Suppose 2*t + 97 = 4*b + 21, 0 = b - 5*t - 1. Suppose 5*o - 8 - 2 = 0. Suppose -3*i = o*i - 15. What is the greatest common divisor of b and i?
3
Suppose 2*h - 80 = 3*b + 214, 2*b - 140 = -h. Calculate the greatest common divisor of 36 and h.
36
Let b(f) = f + 2. Let h(r) = r + 1. Let n(i) = -6*b(i) + 14*h(i). Let a be n(4). What is the highest common divisor of 85 and a?
17
Suppose 3*h = 3*r - 1074, -3*r - 751 = -5*r - 5*h. Calculate the greatest common factor of 33 and r.
33
Let c = 4 - -8. Calculate the highest common divisor of 96 and c.
12
Suppose 2*k - 49 = -2*z + 7*k, -2*z - 2*k + 14 = 0. Suppose 4*x = -5*t + 432, -2*x = -4*x - 2*t + 216. Calculate the highest common divisor of x and z.
12
Suppose -5*l + 246 = -194. Suppose 130*x - 33 = 127*x. Calculate the greatest common factor of l and x.
11
Let a(l) = -5*l**2 - 1. Let q be a(-1). Let d = 37 - 33. Let o be q/d*8/(-6). What is the greatest common divisor of o and 14?
2
Let k = -4 + -36. Let q = k + 121. What is the greatest common divisor of 9 and q?
9
Suppose -r = 5, -2*u - 5*r + 55 = -0*u. Calculate the highest common factor of u and 180.
20
Let j(m) = 10*m + 3. Let n be j(3). Let k be (n/(-2))/((-8)/(-16)). Let g = 0 - k. What is the highest common divisor of g and 11?
11
Let u be ((-200)/(-2) - 0) + -2. Let w be (-184)/(-69)*21/4. What is the highest common divisor of u and w?
14
Suppose 2 = -i - 2*t, 18 = i + t - 4*t. Let y be -12*-3*i/27. Calculate the highest common divisor of y and 12.
4
Let p be 1/((-1)/(-20) - 0). Calculate the greatest common divisor of p and 140.
20
Suppose 5*f = 4*f + 2*l + 4, -2 = -3*f + l. Let j = 6 - f. Suppose r - 2 = -5*v + 5, 2*r + 2*v = j. What is the highest